{"id":118,"date":"2017-10-30T09:08:26","date_gmt":"2017-10-30T08:08:26","guid":{"rendered":"http:\/\/www.schwarzer-milan.org\/blog\/?page_id=118"},"modified":"2019-02-28T16:11:14","modified_gmt":"2019-02-28T15:11:14","slug":"pfadfinderaktionen","status":"publish","type":"page","link":"https:\/\/www.schwarzer-milan.org\/blog\/pfadfinderaktionen\/","title":{"rendered":"Pfadfinderaktionen"},"content":{"rendered":"<p>Bei uns gibt es nat\u00fcrlich nicht nur w\u00f6chentliche Gruppenstunden, nein wir bieten auch unterschiedlichste Aktionen f\u00fcr die jeweiligen Altersgruppen an oder veranstalten auch hier und da ein Stammeslager bei dem alle Stammesmitglieder zusammenkommen!<\/p>\n","protected":false},"excerpt":{"rendered":"<p>Bei uns gibt es nat\u00fcrlich nicht nur w\u00f6chentliche Gruppenstunden, nein wir bieten auch unterschiedlichste Aktionen f\u00fcr die jeweiligen Altersgruppen an oder veranstalten auch hier und da ein Stammeslager bei dem alle Stammesmitglieder zusammenkommen!<\/p>\n","protected":false},"author":3,"featured_media":0,"parent":0,"menu_order":0,"comment_status":"closed","ping_status":"closed","template":"","meta":{"footnotes":""},"_links":{"self":[{"href":"https:\/\/www.schwarzer-milan.org\/blog\/wp-json\/wp\/v2\/pages\/118"}],"collection":[{"href":"https:\/\/www.schwarzer-milan.org\/blog\/wp-json\/wp\/v2\/pages"}],"about":[{"href":"https:\/\/www.schwarzer-milan.org\/blog\/wp-json\/wp\/v2\/types\/page"}],"author":[{"embeddable":true,"href":"https:\/\/www.schwarzer-milan.org\/blog\/wp-json\/wp\/v2\/users\/3"}],"replies":[{"embeddable":true,"href":"https:\/\/www.schwarzer-milan.org\/blog\/wp-json\/wp\/v2\/comments?post=118"}],"version-history":[{"count":2,"href":"https:\/\/www.schwarzer-milan.org\/blog\/wp-json\/wp\/v2\/pages\/118\/revisions"}],"predecessor-version":[{"id":126,"href":"https:\/\/www.schwarzer-milan.org\/blog\/wp-json\/wp\/v2\/pages\/118\/revisions\/126"}],"wp:attachment":[{"href":"https:\/\/www.schwarzer-milan.org\/blog\/wp-json\/wp\/v2\/media?parent=118"}],"curies":[{"name":"wp","href":"https:\/\/api.w.org\/{rel}","templated":true}]}}